 h and u.
15
Let t(f) = -f**3 + 9*f**2 - 8*f + 10. Let w be t(8). Let q be ((-12)/8)/(5/w). Let l be (-2)/q*(-1155)/(-22). What is the highest common divisor of l and 210?
35
Let i(x) = -x**3 - 8*x**2 - 2*x + 5. Let r be i(-8). Let g = 26 - r. Suppose -g*y + 26 = 1. What is the highest common factor of y and 2?
1
Let r(s) = -231*s. Let h be r(-4). Suppose -3*z - 3*z = -h. Let k be (-2)/(-3) + 128/6. Calculate the highest common factor of z and k.
22
Suppose 4*k - 345 = -l - k, 4*l - 4*k = 1500. What is the greatest common divisor of l and 40?
10
Let p = 76 - 54. Let m(o) = 9*o + 4. Let j(l) = -2*l**3 + 16*l**2 - 2*l + 18. Let i be j(8). Let x be m(i). What is the greatest common factor of x and p?
22
Suppose 5*q = -2*l + 22, -q - 8*l = -12*l. What is the highest common factor of 36 and q?
4
Let r = -2 + 22. Let w(z) = -49*z**3 - 2*z - 1. Suppose x + 2 = 2*p, p - 4 = x - 1. Let y be w(p). Calculate the greatest common factor of y and r.
10
Let p be 0 - 3/6*2. Let q(v) = 77*v**2 - 2*v - 2. Let n be q(p). Let c = -22 + n. Calculate the highest common divisor of 11 and c.
11
Suppose 3*i = -3*m + 27, 0 = 5*m - 3*i + 7*i - 44. Let v be 141/(4/(-14) + 85/(-70)). Let b = 150 + v. What is the greatest common factor of b and m?
8
Let q(b) = 4*b + 58. Let a be q(-16). Let k(z) = 2*z**2 + 12*z + 36. Let v be k(a). What is the highest common divisor of v and 4?
4
Suppose -40 = -l + 4*h + 28, 2*l + 5*h = 188. Calculate the greatest common factor of 28 and l.
28
Let f(p) = 4*p + 5. Let v be f(-1). Let x be (-7 + -11)*(-1 - -1 - v). What is the highest common divisor of x and 162?
18
Let j(t) = -9*t - 40. Let d be j(-7). Calculate the highest common factor of d and 1081.
23
Let x = 427 - 227. Calculate the highest common factor of x and 75.
25
Let g = 530 - 522. Let b = -2 - 3. Let i = b + 61. Calculate the greatest common divisor of g and i.
8
Suppose 0 = -4*u - 11 + 3. Let j(o) be the third derivative of -o**4/8 - o**3/3 + 17*o**2. Let a be j(u). What is the highest common divisor of a and 28?
4
Suppose -3*n - 415 = -4*u, 2*u - 201 = -6*n + n. Let j be 2/7 + 4/28*u. Calculate the highest common factor of 135 and j.
15
Suppose 37 = m + 21. What is the highest common factor of m and 112?
16
Let h(v) = 50*v + 8. Let f be 2*5/(5/3). Let i be h(f). What is the greatest common factor of i and 44?
44
Let u = -14 - -19. Suppose 160 + 815 = 5*m. Suppose m = 5*x - v, v + 105 = 3*x - 2*v. What is the greatest common factor of u and x?
5
Let g(b) = -b + 11. Let f be g(-10). Suppose -5*d = -7*d + 14. What is the highest common factor of f and d?
7
Let f be 2*(0 + 55/10). Let q = 9 + f. Calculate the highest common divisor of 4 and q.
4
Let d = 12 + -5. Let c(v) = -v**3 + 5*v**2 + 8*v - 13. Let b be c(d). Let a be 1/(-6) + b/(-6). Calculate the greatest common factor of 3 and a.
3
Suppose z + 2*d + 6 = 0, -4*z - 2 = 3*d + 2. Suppose -z*m = -27 - 13. Calculate the highest common divisor of 50 and m.
10
Let j be (-9)/(4/(-330)*(-198)/(-88)). Calculate the greatest common divisor of 110 and j.
110
Let f(o) = o**3 + 3*o**2 - 4*o + 5. Let i be f(-4). Suppose -i + 3 = -2*s. Suppose -23*t = -27*t + 4. Calculate the greatest common divisor of t and s.
1
Let x(m) = 21*m - 3. Let d be x(3). Let a(n) = 6*n + 87. Let k be a(-12). Calculate the greatest common divisor of k and d.
15
Let t(v) = v + 22. Let y be t(-14). Let n = -350 + 561. Let i = n - 123. Calculate the highest common divisor of i and y.
8
Let r be (4 - 2) + 2 + -2. Suppose r*d - 3*d + 217 = 0. Let j be (((-62)/(-6))/(-1))/((-63)/189). What is the highest common divisor of d and j?
31
Let b(f) = 8*f**2 - 3*f - 2. Let h be (-6)/5*20/(-6). Let i be 2 - 0*h/(-8). Let a be b(i). Calculate the highest common factor of a and 60.
12
Let s be 2012/8 - 9/(-6). Let h = -213 - -236. Calculate the greatest common divisor of h and s.
23
Suppose 5*k + 1 = 16, 5*y - 45 = -5*k. Let i = 44 + -26. Calculate the greatest common factor of i and y.
6
Suppose 2*k - 92 = -4*p - 34, -2*k = -3*p - 51. Let d = 27 - 18. What is the highest common divisor of k and d?
9
Let z(b) = b**3 - 6*b**2 + 4*b + 8. Let m be z(6). Let x be 3/(-18) + (-962)/(-12). Calculate the greatest common divisor of x and m.
16
Let i be 3540/7 + (-16)/(-56). What is the highest common divisor of i and 92?
46
Suppose 32 = 2*z - 32. What is the greatest common divisor of 4 and z?
4
Suppose 3*t + 0*m - 218 = -m, -m - 74 = -t. Let o = -45 + t. Calculate the greatest common divisor of 7 and o.
7
Suppose 5 = 5*f - 5, 0 = k + f - 34. Suppose -3*j = -j - k. Let h = 144 - 96. What is the highest common factor of j and h?
16
Suppose 11 = 4*o - 9, -3*t - 3*o = -663. Calculate the greatest common factor of 27 and t.
27
Let r(t) = -2*t**3 - 16*t**2 - 7*t - 1. Let d be r(-8). Suppose d = 3*j - 23. Calculate the greatest common divisor of j and 286.
26
Suppose 4*c - 5*b - 84 = 0, -2*c + 7*b + 42 = 12*b. Let p = 9 + -2. What is the highest common factor of c and p?
7
Let a be ((-49803)/(-15) - -4) + 2/(-10). What is the greatest common factor of 12 and a?
12
Let j be -1*1*(-1 - 4). Suppose 0 = 8*b - 3*b - 5*f - 40, -2*f = -j*b + 25. Suppose 11 = 2*v - b. Calculate the greatest common factor of v and 77.
7
Let z = -3842 + 3863. Suppose 0 = -3*k + 311 + 193. Calculate the greatest common divisor of k and z.
21
Let g(v) = 3*v - 18. Let j be g(8). Suppose -290 - 718 = -j*d. Suppose -2*w + 30 = -18. What is the greatest common divisor of w and d?
24
Let s = 15 - 11. Let f be (-7 - -2)*90/(-25) - 2. Let y be (-2)/8 - -97*4/f. Calculate the highest common factor of s and y.
4
Suppose 32*z - 256 = -2*f + 36*z, -f - 4*z + 104 = 0. Let h be 2*1*15/10. Let o be 16/(-5)*h*-5. What is the highest common divisor of o and f?
24
Let o = -25 - -61. Suppose 0 = 7*f - o - 447. What is the highest common divisor of 3 and f?
3
Let i = 10 + -10. Suppose 3*s - 140 - 622 = i. Let y be (-6)/15 + s/10. Calculate the greatest common factor of 10 and y.
5
Let k(h) = h**2 - h + 28. Let n be k(0). Suppose 14 = -3*x + 5*x. Calculate the greatest common factor of n and x.
7
Suppose 0 = -w - 4*w + 25. Let m be 31/5*(-5)/3*-3. Let u = m + -26. Calculate the greatest common divisor of u and w.
5
Let a(g) = -5*g**3 + 11*g**2 - 11*g + 1. Let b(s) = -s**3 + s**2 + 1. Let c(t) = -a(t) + 6*b(t). Let x be c(-7). What is the greatest common factor of 39 and x?
13
Suppose w = -5*j + 1003, -14*j = -9*j - 3*w - 991. What is the greatest common factor of 8 and j?
8
Let o(p) = -p**3 + 6*p**2 - 6*p + 4. Let b be o(3). What is the highest common factor of b and 208?
13
Let c(y) = -18 + 12*y - 28*y + 7. Let h be c(-9). Suppose -4*q + 107 = -h. What is the highest common factor of 30 and q?
30
Let p(a) = -18*a - 199. Let d be p(-13). Calculate the highest common factor of d and 35.
35
Let s = 16 - 12. Suppose 0 = s*t - 508 - 796. Suppose -5*n + 175 = 2*r, 4*r - t = -0*n - 2*n. What is the greatest common divisor of 32 and r?
16
Let b be 218/8 - ((-637)/(-52) + -12). Let p be (4/(-3))/(1/(-162)). Calculate the highest common factor of p and b.
27
Let h(t) = -13*t**2 + 2*t - 9. Let z be h(-4). Let j be 1*8*27/(-2). Let w = j - z. What is the greatest common divisor of 13 and w?
13
Let k(r) = -r**2 - 20*r - 55. Let z be k(-12). Calculate the greatest common factor of 369 and z.
41
Let p = 516 + -486. Calculate the greatest common divisor of 190 and p.
10
Let u(a) = -26*a + 798. Let w be u(30). Suppose 197 + 127 = 2*k. Calculate the highest common divisor of k and w.
18
Let f = -32 + 39. Suppose 5*c = -4*r - f, 0*c - 2*r - 1 = 5*c. Calculate the greatest common divisor of 9 and c.
1
Let f be (195/(-117))/((-10)/492). Suppose 0 = d - 5*m - 61, -3*d - d - 3*m = -152. Calculate the highest common divisor of f and d.
41
Let v = 115 - -40. Suppose 10 = -2*q, n - 51 = -3*q - 4. Calculate the highest common divisor of n and v.
31
Let a(f) = 2*f**2 + 33*f - 3. Let s be a(-17). Let y = s + 30. Let k = 10 + -6. What is the highest common factor of y and k?
4
Let n(x) = -x**2 + 27. Let w be n(0). Suppose -2*d + 4*d - 5*f - 21 = 0, d - f - 6 = 0. Calculate the highest common factor of d and w.
3
Suppose 4*n - 36 = -2*k, 6 = 2*n + 11*k - 16*k. Calculate the greatest common divisor of 8 and n.
8
Let z(q) = q**3 + 14*q**2 + 12*q - 15. Let y be z(-13)